e greatest common factor of 928 and 1126592.
928
What is the highest common factor of 35145 and 19809?
639
Calculate the greatest common divisor of 2016 and 65394.
126
Calculate the greatest common factor of 12474 and 2508.
66
What is the greatest common divisor of 556 and 2040?
4
What is the highest common factor of 620 and 392336?
124
What is the highest common factor of 7035 and 21440?
335
Calculate the highest common factor of 1976 and 9152.
104
Calculate the greatest common factor of 11107 and 27959.
383
What is the highest common factor of 6068 and 738?
82
What is the highest common divisor of 112830 and 5?
5
Calculate the highest common factor of 33 and 47235.
3
What is the highest common divisor of 31744 and 192?
64
Calculate the greatest common divisor of 1585 and 6325735.
1585
What is the highest common factor of 59 and 675314?
59
Calculate the greatest common divisor of 17 and 4010147.
17
Calculate the greatest common factor of 5746 and 24336.
338
What is the greatest common divisor of 4709 and 714?
17
Calculate the greatest common factor of 88 and 116138.
22
Calculate the greatest common divisor of 11 and 11099.
11
Calculate the greatest common factor of 19549 and 1017.
113
What is the greatest common factor of 176 and 108482?
22
Calculate the greatest common factor of 165 and 31713.
33
Calculate the highest common factor of 50692 and 8671.
667
Calculate the greatest common factor of 1680 and 94584.
168
What is the highest common divisor of 17039 and 869?
11
Calculate the highest common factor of 5481 and 38619.
63
Calculate the highest common divisor of 34136 and 1564.
68
Calculate the greatest common divisor of 255 and 54485.
85
What is the highest common divisor of 268365 and 60?
15
Calculate the highest common factor of 94250 and 500.
250
What is the highest common factor of 704 and 5949504?
704
Calculate the highest common factor of 33450 and 75.
75
What is the highest common factor of 978 and 286065?
489
What is the greatest common divisor of 2 and 40531?
1
Calculate the greatest common factor of 237 and 100883.
79
Calculate the greatest common divisor of 419820 and 90.
30
Calculate the greatest common factor of 294 and 4746.
42
Calculate the greatest common factor of 2758 and 394.
394
Calculate the highest common divisor of 1235 and 148694.
247
What is the highest common divisor of 23664 and 290?
58
What is the highest common divisor of 219 and 341421?
219
Calculate the highest common factor of 14190 and 11550.
330
Calculate the highest common factor of 644699 and 638.
319
What is the greatest common factor of 295 and 4897?
59
Calculate the greatest common factor of 1122 and 29614.
34
Calculate the greatest common factor of 1437 and 51.
3
What is the greatest common divisor of 52161 and 153?
3
What is the highest common factor of 25285 and 169?
13
Calculate the greatest common factor of 32701 and 3392.
53
Calculate the greatest common factor of 1066 and 19526.
26
What is the highest common divisor of 209550 and 132?
66
What is the greatest common factor of 147591 and 279?
279
Calculate the highest common factor of 98 and 5021618.
98
Calculate the highest common factor of 18853 and 51.
17
Calculate the highest common divisor of 2170 and 7688.
62
Calculate the highest common divisor of 8733 and 122877.
123
Calculate the greatest common factor of 891 and 5313.
33
What is the highest common factor of 12411 and 526778?
1379
What is the greatest common divisor of 122 and 64233?
61
Calculate the greatest common divisor of 23744 and 64.
64
What is the highest common factor of 1437236 and 76?
76
What is the highest common factor of 82175 and 5?
5
Calculate the highest common factor of 18286 and 13603.
223
What is the highest common divisor of 4 and 509948?
4
Calculate the greatest common factor of 131072 and 5504.
128
What is the greatest common factor of 21325 and 425?
25
What is the greatest common factor of 6 and 26799?
3
What is the highest common factor of 3869 and 3?
1
What is the highest common divisor of 614295 and 1870?
935
What is the greatest common factor of 40331 and 4867?
31
Calculate the highest common divisor of 181 and 558023.
181
What is the greatest common factor of 294 and 123452?
14
Calculate the highest common divisor of 25438 and 1334.
46
Calculate the highest common divisor of 2905 and 2590.
35
What is the greatest common factor of 252407 and 71491?
1459
Calculate the greatest common factor of 28848 and 976.
16
What is the highest common divisor of 704 and 1112672?
352
What is the greatest common divisor of 2464676 and 4?
4
What is the highest common divisor of 2216 and 206919?
277
What is the greatest common divisor of 3421261 and 809?
809
Calculate the highest common divisor of 39 and 256035.
39
What is the greatest common factor of 7553 and 3094?
91
What is the highest common divisor of 176 and 15521?
11
Calculate the highest common factor of 79 and 402663.
79
What is the greatest common factor of 76 and 706971?
19
What is the highest common factor of 6336 and 423?
9
What is the highest common divisor of 3803711 and 111?
37
What is the highest common factor of 114 and 930?
6
Calculate the highest common divisor of 84 and 14007.
21
Calculate the greatest common divisor of 93 and 43959.
3
Calculate the greatest common divisor of 2912 and 24388.
364
What is the greatest common divisor of 40 and 147000?
40
What is the greatest common factor of 308 and 1518044?
44
Calculate the highest common divisor of 28 and 679266.
14
Calculate the highest common factor of 87 and 2845944.
87
Calculate the greatest common factor of 825 and 1159675.
275
What is the highest common divisor of 594 and 15114?
66
Calculate the highest common factor of 16992 and 1008.
144
Calculate the highest common factor of 10095281 and 371.
371
What is the highest common factor of 215 and 5547?
43
What is the greatest common factor of 328 and 1051240?
328
Calculate the greatest common factor of 1120 and 1575.
35
What is the highest common divisor of 126 and 118167?
21
Calculate the greatest common factor of 4002 and 8178.
174
Calculate the greatest common factor of 70 and 484834.
14
Calculate the greatest common divisor of 99 and 21230.
11
Calculate the highest common divisor of 72 and 49944.
24
What is the highest common divisor of 372 and 276?
12
Calculate the highest common divisor of 2 and 370598.
2
What is the greatest common divisor of 705612 and 254?
254
Calculate the highest common divisor of 171906 and 84.
42
Calculate the greatest common divisor of 2938768 and 16.
16
What is the highest common factor of 119427 and 99?
33
What is the greatest common divisor of 200772 and 171?
9
Calculate the highest common factor of 1123962 and 30.
6
What is the greatest common factor of 1000 and 104?
8
Calculate the greatest common factor of 20237 and 98.
49
Calculate the greatest common factor of 5274256 and 52.
52
What is the highest common factor of 6 and 858822?
6
What is the highest common factor of 288 and 128?
32
Calculate the greatest common divisor of 590496 and 96.
96
Calculate the greatest common divisor of 296 and 4329.
37
Calculate the highest common divisor of 2540 and 15020.
20
What is the greatest common divisor of 144 and 4134?
6
What is the highest common factor of 220 and 923740?
20
What is the highest common factor of 975 and 351?
39
What is the greatest common factor of 103768 and 153?
17
What is the greatest common factor of 970970 and 130?
130
Calculate the highest common factor of 9868637 and 47.
47
What is the highest common factor of 16 and 60704?
16
Calculate the highest common divisor of 84 and 564004.
28
What is the greatest common factor of 26850 and 358?
358
Calculate the greatest common factor of 268 and 234299.
67
What is the highest common divisor of 22718 and 42366?
614
Calculate the highest common factor of 747413 and 545.
109
What is the highest common divisor of 440 and 14680?
40
What is the highest common divisor of 19120 and 760?
40
Calculate the highest common factor of 1668 and 36279.
417
Calculate the greatest common divisor of 4182 and 3075.
123
What is the greatest common divisor of 4253851 and 62?
31
Calculate the greatest common divisor of 62 and 338.
2
Calculate the highest common factor of 277091 and